s of 852191.
852191
List the prime factors of 243211.
107, 2273
List the prime factors of 117812.
2, 29453
List the prime factors of 178271.
47, 3793
What are the prime factors of 110909?
110909
List the prime factors of 10578347.
13, 31, 26249
List the prime factors of 634942.
2, 7, 11, 19, 31
List the prime factors of 2367387.
3, 11, 2657
What are the prime factors of 2562619?
2562619
List the prime factors of 8235626.
2, 7, 19, 4423
List the prime factors of 53348.
2, 13337
List the prime factors of 632442.
2, 3, 105407
List the prime factors of 20148934.
2, 13, 774959
List the prime factors of 2880456.
2, 3, 257, 467
What are the prime factors of 2572096?
2, 40189
What are the prime factors of 7489052?
2, 43, 43541
List the prime factors of 600625.
5, 31
List the prime factors of 789586.
2, 7, 1151
List the prime factors of 12068130.
2, 3, 5, 17, 23663
What are the prime factors of 569767?
11, 51797
What are the prime factors of 258839?
7, 103, 359
List the prime factors of 193030.
2, 5, 97, 199
List the prime factors of 1808432.
2, 113027
List the prime factors of 767921.
7, 11, 9973
What are the prime factors of 15007?
43, 349
List the prime factors of 3914517.
3, 109, 11971
List the prime factors of 99702.
2, 3, 29, 191
What are the prime factors of 262452?
2, 3, 21871
List the prime factors of 1013923.
1013923
What are the prime factors of 374072?
2, 19, 23, 107
What are the prime factors of 310280?
2, 5, 7757
What are the prime factors of 514561?
514561
List the prime factors of 4986158.
2, 2493079
List the prime factors of 370696.
2, 46337
What are the prime factors of 14630997?
3, 59, 131, 631
List the prime factors of 3065853.
3, 7, 67, 2179
What are the prime factors of 578159?
241, 2399
List the prime factors of 362867.
362867
What are the prime factors of 1278109?
7, 182587
List the prime factors of 721522.
2, 367, 983
List the prime factors of 420647.
23, 18289
List the prime factors of 559752.
2, 3, 83, 281
What are the prime factors of 3303074?
2, 19, 86923
What are the prime factors of 242956?
2, 7, 8677
What are the prime factors of 135825?
3, 5, 1811
List the prime factors of 10457470.
2, 5, 881, 1187
List the prime factors of 1203125.
5, 7, 11
List the prime factors of 979176.
2, 3, 11, 3709
What are the prime factors of 342704?
2, 21419
What are the prime factors of 404649?
3, 7, 2141
List the prime factors of 11063517.
3, 3687839
What are the prime factors of 4686296?
2, 23, 25469
List the prime factors of 458429.
449, 1021
What are the prime factors of 340328?
2, 19, 2239
List the prime factors of 380442.
2, 3, 163, 389
What are the prime factors of 23779136?
2, 371549
What are the prime factors of 123493?
123493
List the prime factors of 226716.
2, 3, 7, 2699
List the prime factors of 405128.
2, 89, 569
What are the prime factors of 45061?
45061
What are the prime factors of 276352?
2, 17, 127
What are the prime factors of 556532?
2, 139133
What are the prime factors of 382361?
7, 54623
List the prime factors of 100351.
17, 5903
What are the prime factors of 172454?
2, 23, 163
List the prime factors of 3896368.
2, 7, 19, 1831
List the prime factors of 2978789.
11, 270799
What are the prime factors of 236609?
236609
List the prime factors of 140172.
2, 3, 11681
What are the prime factors of 180043?
180043
List the prime factors of 1919726.
2, 959863
What are the prime factors of 176168?
2, 19, 61
What are the prime factors of 4740185?
5, 23, 47, 877
List the prime factors of 298568.
2, 37321
List the prime factors of 967421.
7, 13, 10631
What are the prime factors of 107949?
3, 35983
List the prime factors of 18747864.
2, 3, 260387
List the prime factors of 63782.
2, 31891
What are the prime factors of 147313?
41, 3593
List the prime factors of 6856125.
3, 5, 47, 389
List the prime factors of 3641306.
2, 71, 25643
List the prime factors of 4515256.
2, 564407
What are the prime factors of 301325?
5, 17, 709
List the prime factors of 461376.
2, 3, 89
What are the prime factors of 198345?
3, 5, 7, 1889
What are the prime factors of 996730?
2, 5, 7, 29, 491
List the prime factors of 451309.
451309
List the prime factors of 579871.
491, 1181
What are the prime factors of 60339?
3, 20113
What are the prime factors of 2790105?
3, 5, 186007
List the prime factors of 1115252.
2, 278813
List the prime factors of 1213983.
3, 134887
List the prime factors of 250679.
11, 13, 1753
What are the prime factors of 8686?
2, 43, 101
What are the prime factors of 244822?
2, 167, 733
List the prime factors of 44401312.
2, 1129, 1229
What are the prime factors of 27902125?
5, 223217
List the prime factors of 7693022.
2, 31, 167, 743
What are the prime factors of 1189062?
2, 3, 7, 9437
What are the prime factors of 23803660?
2, 5, 31, 38393
List the prime factors of 3170236.
2, 792559
What are the prime factors of 7025367?
3, 1063, 2203
What are the prime factors of 39199?
39199
What are the prime factors of 1647174?
2, 3, 274529
What are the prime factors of 1174183?
113, 10391
What are the prime factors of 312716?
2, 78179
List the prime factors of 138985.
5, 7, 11, 19
List the prime factors of 928787.
928787
List the prime factors of 123220.
2, 5, 61, 101
List the prime factors of 4665193.
13, 358861
What are the prime factors of 8209997?
17, 482941
List the prime factors of 30585.
3, 5, 2039
List the prime factors of 15892868.
2, 97, 40961
What are the prime factors of 6495494?
2, 43, 47, 1607
List the prime factors of 4071097.
4071097
What are the prime factors of 18150845?
5, 3630169
What are the prime factors of 2262174?
2, 3, 29, 13001
List the prime factors of 5743714.
2, 2871857
List the prime factors of 257106.
2, 3, 73, 587
List the prime factors of 337461.
3, 197, 571
What are the prime factors of 1446024?
2, 3, 60251
What are the prime factors of 2574599?
17, 269, 563
What are the prime factors of 1468065?
3, 5, 97871
What are the prime factors of 89642?
2, 7, 19, 337
List the prime factors of 5612756.
2, 1403189
What are the prime factors of 89750?
2, 5, 359
List the prime factors of 30073415.
5, 37, 149, 1091
What are the prime factors of 5161032?
2, 3, 43, 1667
What are the prime factors of 1382869?
149, 9281
List the prime factors of 45.
3, 5
List the prime factors of 5627204.
2, 11, 17, 7523
List the prime factors of 87827.
71, 1237
What are the prime factors of 1420481?
47, 30223
What are the prime factors of 349124?
2, 87281
List the prime factors of 5751711.
3, 7, 91297
List the prime factors of 732531.
3, 244177
List the prime factors of 19394592.
2, 3, 7, 19, 31
What are the prime factors of 8090673?
3, 97, 27803
List the prime factors of 4168315.
5, 17, 19, 29, 89
What are the prime factors of 257352?
2, 3, 10723
What are the prime factors of 2216682?
2, 3, 13, 9473
What are the prime factors of 185086?
2, 11, 47, 179
What are the prime factors of 1857439?
1857439
List the prime factors of 3516366.
2, 3, 7, 29, 2887
What are the prime factors of 43818?
2, 3, 67, 109
List the prime factors of 35169.
3, 19, 617
List the prime factors of 221636.
2, 67, 827
List the prime factors of 1504556.
2, 227, 1657
List the prime factors of 2499730.
2, 5, 249973
List the prime factors of 301255.
5, 60251
List the prime factors of 184403.
61, 3023
What are the prime factors of 3713958?
2, 3, 68777
List the prime factors of 1680005.
5, 277, 1213
List the prime factors of 909103.
13, 69931
List the prime factors of 30997649.
30997649
List the prime factors of 30217971.
3, 7, 29, 59
What are the prime factors of 423416?
2, 7, 7561
What are the prime factors of 167080?
2, 5, 4177
What are the prime factors of 332224?
2, 29, 179
What are the prime factors of 38519?
13, 2963
List the prime factors of 17117335.
5, 3423467
What are the prime factors of 29858363?
31, 963173
What are the prime factors of 6462450?
2, 3, 5, 4787
List the prime factors of 6036270.
2, 3, 5, 201209
List the prime factors of 3069256.
2, 383657
What are the prime factors of 1338885?
3, 5, 29753
What are the prime factors of 2318111?
2318111
List the prime factors of 1524973.
59, 25847
List the prime factors of 37317801.
3, 157, 79231
What are the prime factors of 642676?
2, 160669
List the prime factors of 391734.
2, 3, 7, 3109
What are the prime factors of 1187